multiple of 4?
False
Is 2160 a multiple of 20?
True
Is 34 a factor of 25479?
False
Is 137481 a multiple of 51?
False
Is 166 a factor of 14375?
False
Is 103 a factor of 34402?
True
Is 38 a factor of 1585?
False
Is 117 even?
False
Is 4 a factor of 284?
True
Is 94 a factor of 2632?
True
Does 79 divide 38610?
False
Is 1303 a multiple of 46?
False
Does 22 divide 12766?
False
Is 6 a factor of 2496?
True
Does 6 divide 1448?
False
Is 14 a factor of 5790?
False
Is 3 a factor of 77?
False
Is 30 a factor of 2550?
True
Does 6 divide 252?
True
Does 9 divide 11655?
True
Is 7338 a multiple of 43?
False
Does 121 divide 5929?
True
Is 11 a multiple of 3?
False
Is 550 a multiple of 11?
True
Is 3220 a multiple of 46?
True
Is 41112 a multiple of 174?
False
Is 880 a multiple of 47?
False
Is 21 a factor of 3570?
True
Does 47 divide 658?
True
Is 6329 a multiple of 6?
False
Is 176 a factor of 14442?
False
Is 88 a multiple of 8?
True
Does 68 divide 616?
False
Does 76 divide 29522?
False
Is 3183 a multiple of 49?
False
Does 17 divide 697?
True
Is 6 a factor of 64?
False
Is 42 a factor of 13105?
False
Does 43 divide 258?
True
Is 26 a factor of 64922?
True
Is 1326 a multiple of 12?
False
Is 536 a multiple of 30?
False
Is 29 a factor of 8874?
True
Is 191 a multiple of 10?
False
Does 10 divide 6055?
False
Does 92 divide 8903?
False
Is 431 a multiple of 26?
False
Does 8 divide 8936?
True
Is 5 a factor of 12931?
False
Is 22 a factor of 6907?
False
Does 241 divide 38319?
True
Is 705 a multiple of 47?
True
Is 28 a factor of 611?
False
Is 9 a factor of 788?
False
Is 8961 a multiple of 29?
True
Is 430 a multiple of 43?
True
Is 22 a factor of 10406?
True
Is 21318 a multiple of 51?
True
Is 68 a factor of 2139?
False
Is 1656 a multiple of 72?
True
Is 102 a multiple of 3?
True
Is 3990 a multiple of 114?
True
Is 45 a factor of 24885?
True
Does 19 divide 259?
False
Does 12 divide 4100?
False
Is 5665 a multiple of 153?
False
Is 53 a factor of 8066?
False
Is 503 a multiple of 15?
False
Is 3376 a multiple of 28?
False
Does 15 divide 405?
True
Is 320 a multiple of 32?
True
Does 7 divide 2509?
False
Is 5238 a multiple of 54?
True
Does 11 divide 91?
False
Is 18978 a multiple of 110?
False
Is 17 a factor of 156?
False
Does 7 divide 1946?
True
Is 88 a factor of 3667?
False
Is 46 a factor of 768?
False
Does 17 divide 697?
True
Is 42680 a multiple of 110?
True
Does 15 divide 360?
True
Is 779 a multiple of 41?
True
Does 47 divide 1039?
False
Is 13 a factor of 8203?
True
Is 1455 a multiple of 70?
False
Does 23 divide 54083?
False
Is 476 a multiple of 14?
True
Does 5 divide 2909?
False
Is 61 a factor of 2257?
True
Does 6 divide 339?
False
Is 2 a factor of 1066?
True
Does 52 divide 988?
True
Is 2050 a multiple of 18?
False
Is 102800 a multiple of 200?
True
Does 12 divide 1091?
False
Is 50 a factor of 500?
True
Is 3170 a multiple of 74?
False
Is 20683 a multiple of 13?
True
Does 165 divide 8515?
False
Does 19 divide 4520?
False
Does 46 divide 15226?
True
Does 6 divide 9199?
False
Is 8464 a multiple of 46?
True
Does 80 divide 460?
False
Does 46 divide 1194?
False
Is 82 a multiple of 23?
False
Is 3 a factor of 763?
False
Does 16 divide 45342?
False
Does 27 divide 28227?
False
Does 3 divide 33?
True
Is 1114 a multiple of 45?
False
Is 86 a factor of 508?
False
Is 195 a multiple of 13?
True
Does 29 divide 412?
False
Does 33 divide 555?
False
Is 3383 even?
False
Is 51179 a multiple of 99?
False
Is 10 a factor of 465?
False
Does 70 divide 70?
True
Is 1942 a multiple of 48?
False
Does 95 divide 6080?
True
Is 5024 a multiple of 157?
True
Is 1378 a multiple of 40?
False
Is 11 a factor of 2386?
False
Is 7854 a multiple of 17?
True
Is 1982 a multiple of 29?
False
Does 41 divide 1660?
False
Does 18 divide 2000?
False
Does 33 divide 3597?
True
Does 23 divide 2208?
True
Does 26 divide 15445?
False
Is 4389 a multiple of 13?
False
Is 5 a factor of 4360?
True
Is 16578 a multiple of 46?
False
Does 62 divide 1302?
True
Does 25 divide 450?
True
Is 247 a multiple of 11?
False
Is 140 a factor of 11060?
True
Is 17 a factor of 306?
True
Does 12 divide 504?
True
Is 1471 a multiple of 17?
False
Is 72 a factor of 10512?
True
Is 40 a factor of 13200?
True
Is 45299 a multiple of 122?
False
Does 81 divide 41310?
True
Is 13167 a multiple of 21?
True
Does 4 divide 582?
False
Does 19 divide 6080?
True
Does 31 divide 6665?
True
Does 7 divide 8883?
True
Is 323 a multiple of 2?
False
Is 28 a factor of 3248?
True
Is 54 a factor of 262?
False
Is 260 a multiple of 6?
False
Is 288 a factor of 51345?
False
Is 480 a multiple of 60?
True
Is 48 a factor of 808?
False
Is 19 a factor of 3192?
True
Does 15 divide 255?
True
Does 15 divide 105?
True
Does 25 divide 350?
True
Is 8632 a multiple of 17?
False
Does 31 divide 2139?
True
Is 25 a factor of 827?
False
Does 8 divide 1000?
True
Does 10 divide 5130?
True
Is 135 a multiple of 10?
False
Is 389 a factor of 3422?
False
Does 160 divide 1440?
True
Does 69 divide 2484?
True
Is 70650 a multiple of 332?
False
Is 44 a factor of 220?
True
Is 31 a factor of 713?
True
Is 3403 a multiple of 27?
False
Does 3 divide 3564?
True
Is 8119 a multiple of 6?
False
Is 15 a factor of 40399?
False
Is 140 a factor of 33740?
True
Does 17 divide 17289?
True
Is 15 a factor of 176?
False
Is 7 a factor of 427?
True
Is 7 a factor of 7525?
True
Is 104 a multiple of 26?
True
Is 19 a factor of 39717?
False
Is 7294 a multiple of 18?
False
Does 65 divide 10073?
False
Is 5957 a multiple of 37?
True
Does 68 divide 11016?
True
Is 17 a factor of 3060?
True
Is 4233 a multiple of 37?
False
Is 115 a factor of 17590?
False
Does 108 divide 2484?
True
Is 12 a factor of 587?
False
Is 9 a factor of 4405?
False
Does 18 divide 3362?
False
Does 14 divide 71582?
True
Is 63 a factor of 567?
True
Is 44 a factor of 18128?
True
Is 898 a multiple of 3?
False
Does 22 divide 4202?
True
Is 4596 a multiple of 6?
True
Is 15048 a multiple of 11?
True
Is 8 a factor of 22656?
True
Is 17 a factor of 1044?
False
Is 180 a multiple of 6?
True
Is 18 a factor of 17964?
True
Is 9025 a multiple of 34?
False
Is 92 a multiple of 17?
False
Does 90 divide 9270?
True
Is 13 a factor of 40494?
False
Is 2 a factor of 2675?
False
Does 20 divide 564?
False
Does 47 divide 35461?
False
Is 108 a multiple of 42?
False
Does 16 divide 1206?
False
Does 101 divide 1084?
False
Does 23 divide 437?
True
Is 1465 a multiple of 43?
False
Does 14 divide 453?
False
Is 1070 a multiple of 84?
False
Is 1184 a multiple of 16?
True
Does 35 divide 1007?
False
Does 38 divide 1178?
True
Does 6 divide 414?
True
Does 55 divide 3905?
True
Does 156 divide 14001?
False
Is 14440 a multiple of 153?
False
Is 162 a multiple of 3?
True
Does 5 divide 270?
True
Is 1073 a multiple of 19?
False
Is 318 a multiple of 5?
False
Does 21 divide 1413?
False
Is 616 a multiple of 8?
True
Is 13 a factor of 4308?
False
Is 33 a factor of 312?
False
Is 84 a multiple of 21?
True
Is 98 a factor of 640?
False
Is 26 a factor of 1071?
False
Is 46 a factor of 598?
True
Is 34044 a multiple of 4?
True
Does 19 divide 646?
True
Is 21749 a multiple of 18?
False
Does 9 divide 279?
True
Is 1034 a multiple of 48?
False
Does 34 divide 18734?
True
Does 8 divide 627?
False
Does 68 divide 34272?
True
Does 7 divide 47593?
True
Does 18 divide 22014?
True
Does 29 divide 3335?
True
Is 92 a factor of 2392?
True
Does 29 divide 8091?
True
Is 434 a multiple of 14?
True
Is 14144 a multiple of 8?
True
Is 1189 a multiple of 29?
True
Does 86 divide 603?
False
Is 1517 a multiple of 42?
False
Is 14 a factor of 60764?
False
Is 11 a factor of 11583?
True
Is 2403 a multiple of 9?
True
Is 126 a factor of 29983?
False
Is 397 a multiple of 8?
False
Is 16174 a multiple of 137?
False
Is 5 a factor of 5960?
True
Is 19 a factor of 3011?
False
Is 1533 a multiple of 21?
True
Is 12 a factor of 1959?
False
Is 82 a factor of 7386?
False
Is 195 a multiple of 39?
True
Is 36602 a multiple of 34?
False
Does 25 divide 461?
False
Is 1449 a multiple of 63?
True
Is 448 a multiple of 4?
True
Is 20 a factor of 11872?
False
Is 1266 a multiple of 44?
False
Is 5110 a multiple of 13?
False
Is 13 a factor of 286?
True
Does 10 divide 10800?
True
Is 14 a factor of 15736?
True
Is 6 a factor of 66744?
True
Does 57 divide 26220?
True
Is 57238 a multiple of 230?
False
Does 23 divide 30935?